factors of b(f)?
3, 5, 37
Suppose 6*t - t - 16*t = -118855. List the prime factors of t.
5, 2161
Let p(d) = -33*d**3 - 15*d**2 - d + 37. List the prime factors of p(-6).
19, 349
Suppose 3*p - 564 = -3*p. Suppose -4*j + p = -2*j. Suppose g - 47 = j. What are the prime factors of g?
2, 47
Suppose -2*f - 8*f + 202380 = -2*w, 4*f - 80958 = 2*w. What are the prime factors of f?
7, 59
Suppose 2*w + 0*w - 3*s = 13647, w - 5*s = 6841. Suppose -12*v = -4*v - w. What are the prime factors of (9/(-36))/((-1)/v)?
3, 71
Let u = 1331 - 568. Let t = -289 + u. Suppose -4*d + 21 = -2*y + 333, -4*d - t = -3*y. List the prime factors of y.
2, 3
What are the prime factors of (7 + 3354)*((-128)/(-48) + (-20)/12)?
3361
Suppose -d + 3*u - 11 = 0, -2*d - 3*u = 3*d + 91. Let o(l) = -24*l + 177. What are the prime factors of o(d)?
3, 5, 13
Let j(l) = -10*l - 158. Let b be j(13). Let a = -157 - b. List the prime factors of a.
131
Let x be 3/(-1) + 4 + 12/2. Let s = x + -1. What are the prime factors of 16/5*((-15)/s)/(-1)?
2
Suppose -3*t = 5*v - 44754, 582*t - 26900 = -3*v + 587*t. List the prime factors of v.
3, 5, 199
Let z = -570 - -566. What are the prime factors of (-4297)/z + 15/20?
5, 43
Let r be (0/(4 - 0))/1. Let w be r*(-1)/(-3) + -1105. List the prime factors of ((-2)/(10/w))/(0 - -1).
13, 17
Let u(i) = 16*i**3 - 14*i**2 + 9*i + 265. What are the prime factors of u(11)?
2, 67, 149
Let x(w) = 2*w**3 + 2*w**2 + 3*w + 2. Let k be 3 - -4 - (5 + 3 + -4). List the prime factors of x(k).
83
Suppose -v + 5*r + 10820 = 0, 14*v - 11*v - 2*r = 32460. Suppose -v - 450 = -14*x. List the prime factors of x.
5, 7, 23
Let x(b) = 23*b**3 + 9*b**2 + 7*b + 85. What are the prime factors of x(6)?
5419
Suppose 9*x - 10*x + 16723 = 5*v, 5*v - 16716 = -2*x. List the prime factors of v.
2, 7, 239
Suppose 44*w - 350436 = -26*w + 13*w. List the prime factors of w.
2, 29, 53
Suppose -337*s + 339*s - 618 = 0. What are the prime factors of s?
3, 103
Let n(l) = -5*l**2 - 513*l + 80. What are the prime factors of n(-88)?
2, 3, 271
Let b = -447 + 471. Suppose 2*a + 2178 = b*a. What are the prime factors of a?
3, 11
Suppose 0 = 2*q + j - 30777, -2*j - 14092 - 16706 = -2*q. What are the prime factors of q?
2, 13, 37
Suppose -4*m - 17 = -4*b - 9*m, -4*b + 2 = 2*m. Let l be (4/(-10))/(b/30). Let i(y) = 8*y + 5. What are the prime factors of i(l)?
53
Let o(m) = 6*m - 3. Suppose -4*a + 10 = 2*k, 19 = 4*k + 7. Let q be o(a). Suppose 97 = t + 2*s - s, -5*s + 293 = q*t. What are the prime factors of t?
2, 3
Suppose 10*p - 44 = 6*p. Let d = 526 + p. List the prime factors of d.
3, 179
Let u = 4740 - -715. What are the prime factors of u?
5, 1091
Let h(g) = -2*g**3 - 168*g**2 - 51*g + 1051. What are the prime factors of h(-87)?
2, 31, 821
Let z(n) = -29*n**3 - 2*n**2 + 2*n - 1. Let b be z(1). Let f = b - -24. Let x(y) = -y**3 - 2*y**2 + 6*y - 17. What are the prime factors of x(f)?
7, 13
Suppose 2*s = f - 189, 4*f + 63 - 807 = 4*s. Let u = 208 + f. What are the prime factors of u?
17, 23
Suppose -4*b = -5*z - 1262, 2*b - 6 = -0. Suppose -2*n = -p - 0*p + 234, 110 = -n + 4*p. Let k = n - z. What are the prime factors of k?
2, 3, 11
Let i(w) = -2*w**3 + 22*w**2 - 35*w + 37. Let d be i(-17). Suppose 89*o - d = 73*o. List the prime factors of o.
1051
Let w be -1*2 - (4 - 6)*2. Suppose -2*y - 263 = -5*t, -w*y - 110 = -3*t + t. Suppose 0 = 4*c - 629 - t. What are the prime factors of c?
2, 5, 17
Let g be (6/15)/(12/5100). Suppose -844 = -6*t + g. Let d = 65 + t. List the prime factors of d.
2, 3, 13
Let t(d) = -d**2 - 14*d - 6. Let z = -1 - -30. Suppose 0 = -3*u + 11 - z. What are the prime factors of t(u)?
2, 3, 7
Suppose 2*z - 12176 = 2*q, -q - 9*q = 5*z - 30485. List the prime factors of z.
6091
Suppose 93*k - 97*k - 16 = 0. List the prime factors of (-7)/(-7)*-914*2/k.
457
Let a(t) = 2451*t - 123. List the prime factors of a(3).
2, 3, 5, 241
Let t = 17212 - 6721. List the prime factors of t.
3, 13, 269
Let u(g) = -2*g**3 + 2*g**2 - 2. Let j be u(2). What are the prime factors of (j - (-1 - 1))*4617/(-108)?
2, 3, 19
Suppose -16*i - 2*k + 1050 = -18*i, 2*k = -i - 522. Let l = -408 - i. What are the prime factors of l?
2, 29
Suppose 3*q - 9972 = 3*r, -34*q + 29*q + 16578 = r. List the prime factors of q.
31, 107
What are the prime factors of 264*((-450)/135)/(1/(-7))?
2, 5, 7, 11
Let x = -51 - -53. Let s be (x/(-12)*2)/(1/(-15)). Suppose 5*q + s*q - 40 = 0. What are the prime factors of q?
2
Suppose 2132 = -15*i - 11*i. Let l = -18 - i. List the prime factors of l.
2
Let r = 12888 - 6564. List the prime factors of r.
2, 3, 17, 31
Let r = 11460 - 10129. List the prime factors of r.
11
Suppose 5874*g = 5880*g - 14970. List the prime factors of g.
5, 499
List the prime factors of 740744/36 + 16/(-72).
2, 643
Let a(h) = -50*h**2 + 16*h - 14. Let s be a(4). What are the prime factors of (-6)/(-21) - (-13)/((-273)/s)?
2, 3
Suppose 0 = n - 36 + 29. Suppose -323 = -5*i + 127. Suppose -n*y + i = -281. List the prime factors of y.
53
Let i = -143 + 242. Let f be ((-2)/3)/((-1)/(i/(-6))). Let q(c) = -c**3 - 10*c**2 + 2*c - 6. List the prime factors of q(f).
3, 31
Let j = 413 + -133. Suppose 4*x = -d + 367, 0 = -16*x + 13*x + 4*d + j. List the prime factors of x.
2, 23
Let r be 8 + 1 + -3 - -1. List the prime factors of r/42*200*(-6)/(-4).
2, 5
Suppose -86*p + 242202 + 747537 = -5*p. What are the prime factors of p?
3, 4073
Let m = -110 + 120. What are the prime factors of m/(-20) - (-3670)/4?
7, 131
Let h = 6874 - -2467. What are the prime factors of h?
9341
Let f be (6*-27)/(3 + -5). Let n = f + -79. Suppose 4*m - 192 = -4*p + n*m, -5*m = 0. List the prime factors of p.
2, 3
Let x(l) = 2*l**3 + 2*l**2 - 2*l + 175. Let p = 129 - 129. What are the prime factors of x(p)?
5, 7
Suppose -11*s + 5 = -6. Let p be (-18 - -18)/(2*s). Suppose 0 = -8*w - p*w + 952. What are the prime factors of w?
7, 17
Suppose -769814 = 9*n - 51*n + 59098. What are the prime factors of n?
2, 2467
Let p be (21/9)/((-18)/27)*14. What are the prime factors of 2 + 25227/21 + 14/p?
3, 401
Let s(j) be the first derivative of -j**4/4 + 12*j**2 - 4*j + 162. List the prime factors of s(-12).
2, 359
Let s = -10112 - -17985. What are the prime factors of s?
7873
Let i = 1298 - 118. Suppose -4*f + 2*h + i = 0, -4*f + 821 + 351 = 2*h. List the prime factors of f.
2, 3, 7
Suppose 0 = -2*h - 3*p - 112, 3*h + h = -p - 204. Let v = 40 + h. Let c = 19 - v. List the prime factors of c.
29
Let w = 2788 + 16147. What are the prime factors of w?
5, 7, 541
Suppose -112*q = -109*q - 4*l - 39467, -4*l - 52616 = -4*q. List the prime factors of q.
3, 487
Suppose -3*g = 3*q - 0 + 12, 5*q + 26 = -3*g. Let s be 5 - (0/(-2))/(-1). Suppose -p = s*x - 1263, x - g*x - 5*p = -519. What are the prime factors of x?
2, 3, 7
Suppose -p = -7*p - 36. Let t(z) = 9*z**2 - 5*z - 1. What are the prime factors of t(p)?
353
Suppose 0*n - 6 = 6*n. Let w be n/(-7) + (-152)/(-14). Suppose 0 = -w*a + a + 440. What are the prime factors of a?
2, 11
Suppose 0 = 3*l + 4*i - 6357, 2811 = l - 2*i + 702. List the prime factors of l.
3, 5, 47
List the prime factors of (-1)/(-3 + -1)*-537808*18/(-36).
2, 33613
Suppose -2*z = -4*j - 9192, -22967 = -5*z - 0*j - 3*j. Suppose z = 17*m + 1704. List the prime factors of m.
2, 5, 17
Let x be (-16190)/(-45) - (-20)/90. Let m = x + 793. List the prime factors of m.
1153
Suppose -1384 = 2*c + 2*c. Let p = -152 - c. What are the prime factors of p?
2, 97
Suppose -73895 = -19*a + 64425. What are the prime factors of a?
2, 5, 7, 13
List the prime factors of (6589 + -1)/(-4)*115/(-23).
3, 5, 61
Let b = -263 + 1744. Let h = -641 + b. List the prime factors of h.
2, 3, 5, 7
Let j be (4/(-3))/((-32)/44400). Let t = -1178 + j. List the prime factors of t.
2, 3, 7
Let s be ((-27)/15)/((-1)/5). Let d be (-3)/5 - (-2 - s/15). Suppose -5*z - 193 = -b, -d*b + 426 = -2*z - 0*z. What are the prime factors of b?
2, 109
Let s be (-30)/26 - -1 - (-11010)/78. Let v = 564 - s. What are the prime factors of v?
3, 47
Let y be 971/4 - 1/(-4). Let f(g) = -4*g**2 - 23*g - 83. Let j be f(-8). Let w = j + y. List the prime factors of w.
2, 11
Let q(j) = 138*j + 551. List the prime factors of q(84).
12143
Suppose 0 = 4*k + 243 + 81. What are the prime factors of (k + -19)*(-12)/10?
2